024 a multiple of 1346?
False
Is 258895584 a multiple of 4?
True
Does 144 divide 868863744?
True
Is 4496534 a multiple of 833?
True
Does 342 divide 249952934?
False
Is 5939153 a multiple of 17?
False
Does 85 divide 1756704323?
False
Does 34 divide 10387306?
True
Does 12 divide 29985523?
False
Is 3432884 a multiple of 8?
False
Does 5 divide 46456385?
True
Is 361 a factor of 710657875?
False
Is 5401723862 a multiple of 8462?
False
Is 61 a factor of 2659927326?
True
Is 13 a factor of 40729032?
False
Is 75 a factor of 372183902?
False
Is 8 a factor of 67765323?
False
Does 97 divide 268400261?
True
Does 30 divide 1198563300?
True
Is 39186626 a multiple of 893?
True
Is 190625981 a multiple of 3360?
False
Is 24 a factor of 50818392?
True
Does 95 divide 26531315?
True
Is 341458372 a multiple of 1186?
False
Does 302 divide 5054345084?
True
Is 542 a factor of 931013454?
True
Is 964780460 a multiple of 443?
False
Is 357 a factor of 162847985?
False
Is 2603 a factor of 2573058454?
False
Does 3804 divide 157485600?
True
Is 240526475 a multiple of 769?
False
Does 237 divide 22450638?
False
Is 189251688 a multiple of 1733?
False
Is 55 a factor of 146951750?
True
Is 881 a factor of 28179122?
False
Is 84 a factor of 421179358?
False
Does 32 divide 21737664?
True
Is 741 a factor of 1798452365?
False
Is 9 a factor of 666532595?
False
Is 23 a factor of 31577651?
False
Is 17 a factor of 1305506672?
False
Is 35 a factor of 1488391555?
True
Does 115 divide 1851407540?
True
Does 2325 divide 109528425?
True
Is 60677012 a multiple of 11?
True
Is 717682491 a multiple of 123?
True
Is 13880851 a multiple of 12?
False
Is 2 a factor of 12661225?
False
Is 52717126 a multiple of 7?
True
Is 149074596 a multiple of 99?
True
Is 11 a factor of 41883952?
True
Is 9685130 a multiple of 417?
False
Does 43 divide 404496915?
True
Is 55625354 a multiple of 15?
False
Is 149618430 a multiple of 30?
True
Is 56531720 a multiple of 707?
True
Is 17 a factor of 41499601?
True
Is 13970411 a multiple of 91?
True
Is 43 a factor of 130175163?
False
Does 12 divide 1554608575?
False
Is 280 a factor of 815427200?
True
Is 104546268 a multiple of 1477?
False
Is 6671100 a multiple of 129?
False
Does 18 divide 820498692?
False
Does 12 divide 610348784?
False
Does 546 divide 42960489?
False
Is 781 a factor of 32010606?
False
Does 605 divide 9770750?
True
Is 10 a factor of 323608065?
False
Does 43 divide 3684236630?
False
Does 473 divide 31255367?
True
Does 1137 divide 70550850?
True
Is 64074022 a multiple of 1913?
True
Does 1889 divide 2707435696?
True
Does 18 divide 44439390?
True
Is 88 a factor of 1240772984?
True
Does 896 divide 14652825?
False
Is 24113940 a multiple of 1590?
True
Is 4 a factor of 100362912?
True
Does 58 divide 697718469?
False
Does 30 divide 849153603?
False
Is 66372564 a multiple of 85?
False
Does 9876 divide 4970501916?
True
Is 4241092 a multiple of 34?
True
Is 6 a factor of 155897562?
True
Is 1328109471 a multiple of 9?
True
Is 224 a factor of 18055072?
True
Is 50 a factor of 35135350?
True
Does 14 divide 1954996134?
True
Is 33912951 a multiple of 84?
False
Does 577 divide 754359991?
True
Does 402 divide 221860986?
True
Does 168 divide 3428268?
False
Is 103038 a multiple of 2?
True
Does 228 divide 18290102?
False
Does 10 divide 31659562?
False
Does 123 divide 19952428?
False
Is 278631891 a multiple of 201?
False
Is 230966757 a multiple of 341?
False
Is 684607665 a multiple of 2919?
True
Is 5 a factor of 35408383?
False
Is 56334114 a multiple of 320?
False
Is 654169235 a multiple of 2?
False
Is 2969309614 a multiple of 23?
True
Does 388 divide 17039464?
False
Does 9 divide 43029639?
True
Is 547125369 a multiple of 6051?
True
Is 3 a factor of 28114902?
True
Does 342 divide 36855578?
False
Is 79697732 a multiple of 1944?
False
Does 315 divide 18042069?
False
Is 19687600 a multiple of 2372?
True
Does 1165 divide 251030705?
True
Does 16 divide 1400421?
False
Does 15 divide 5828010?
True
Does 10 divide 96344737?
False
Is 22364567 a multiple of 60?
False
Is 76 a factor of 137984529?
False
Is 131030994 a multiple of 160?
False
Is 8476 a factor of 2368923336?
True
Is 179353609 a multiple of 49?
False
Is 63 a factor of 1264501?
False
Is 181695432 a multiple of 24?
True
Does 77 divide 9733801?
True
Does 2880 divide 831830400?
True
Does 174 divide 157165318?
False
Is 5187 a factor of 619220422?
False
Does 36 divide 13527396?
True
Is 400407639 a multiple of 3351?
True
Does 465 divide 5885505?
True
Is 10591592 a multiple of 20?
False
Is 194 a factor of 95374813?
False
Is 30385893 a multiple of 15?
False
Is 396139227 a multiple of 3957?
True
Is 40863072 a multiple of 4?
True
Does 81 divide 439364007?
True
Is 31 a factor of 1885276?
False
Does 1641 divide 181651848?
False
Does 123 divide 5565146?
False
Does 805 divide 20807729?
False
Is 138999965 a multiple of 3523?
True
Is 1713878890 a multiple of 1234?
False
Does 57 divide 7122326043?
False
Is 3335 a factor of 657755138?
False
Is 131 a factor of 967138?
False
Does 40 divide 75282920?
True
Does 199 divide 55498736?
False
Is 10376247 a multiple of 83?
False
Does 23 divide 2732117577?
False
Is 32 a factor of 21092970?
False
Is 111332775 a multiple of 157?
False
Is 30585232 a multiple of 1108?
True
Does 897 divide 29098058?
False
Is 4689 a factor of 1324036940?
False
Is 1191499268 a multiple of 46?
True
Is 85 a factor of 90645785?
True
Is 111034222 a multiple of 41?
False
Does 210 divide 23244480?
True
Does 43 divide 5234703?
False
Does 3 divide 4150870?
False
Does 13 divide 152043327?
False
Is 39855666 a multiple of 185?
False
Does 1153 divide 508249596?
False
Is 40 a factor of 2183775440?
True
Is 3 a factor of 165651?
True
Is 332 a factor of 327161764?
True
Is 1022 a factor of 755687240?
True
Is 2062 a factor of 183724200?
True
Does 52 divide 207475680?
False
Does 134 divide 3807526935?
False
Is 1083703599 a multiple of 993?
True
Is 177290338 a multiple of 7?
False
Is 25 a factor of 661303879?
False
Does 76 divide 110272092?
False
Is 22 a factor of 38269440?
True
Is 104 a factor of 56119960?
True
Is 8 a factor of 224896730?
False
Does 151 divide 129390188?
False
Is 375776756 a multiple of 4?
True
Is 179985204 a multiple of 36?
True
Is 13 a factor of 1890275465?
True
Does 10 divide 40491685?
False
Is 3594621944 a multiple of 10522?
False
Is 86381785 a multiple of 53?
True
Is 195 a factor of 4174577?
False
Is 116830115 a multiple of 7?
False
Is 71304247 a multiple of 31?
True
Is 19 a factor of 29738952?
True
Is 327943017 a multiple of 4183?
True
Is 286 a factor of 172666208?
True
Is 909244726 a multiple of 15?
False
Is 17 a factor of 1419763908?
True
Is 204859218 a multiple of 116?
False
Does 3167 divide 705819334?
False
Is 698 a factor of 93532698?
True
Is 17845849 a multiple of 4?
False
Is 12059902 a multiple of 34?
True
Does 42 divide 269376198?
True
Is 121 a factor of 7042794?
False
Does 15 divide 3668385?
True
Is 2970 a factor of 1676341957?
False
Is 129 a factor of 901406664?
False
Is 91 a factor of 10910006?
False
Is 21 a factor of 4104999?
False
Does 387 divide 12819640?
False
Is 291 a factor of 79511100?
False
Does 56 divide 1070478194?
False
Is 59199509 a multiple of 55?
False
Is 39 a factor of 32523384?
False
Is 132 a factor of 11660880?
True
Is 1009106876 a multiple of 391?
True
Is 2862777156 a multiple of 46?
True
Is 10 a factor of 103194148?
False
Does 163 divide 232980996?
False
Is 15 a factor of 113193210?
True
Does 1175 divide 506294732?
False
Is 7928 a factor of 1301990999?
False
Is 34 a factor of 287003494?
False
Does 98 divide 298535435?
False
Is 209 a factor of 185089355?
True
Is 967 a factor of 285582151?
False
Is 1131882052 a multiple of 5068?
True
Does 49 divide 290806101?
False
Is 10966948 a multiple of 418?
False
Does 50 divide 1422901850?
True
Is 1449 a factor of 25690770?
True
Does 620 divide 29631198?
False
Is 15052036 a multiple of 47?
False
Is 1863971684 a multiple of 14?
False
Does 2955 divide 1308739950?
True
Is 8243800 a multiple of 169?
False
Is 1362488849 a multiple of 14?
False
Is 300273528 a multiple of 467?
True
Is 746814894 a multiple of 39?
False
Is 9 a factor of 31469654?
False
Is 13 a factor of 140864296?
False
Is 758 a factor of 59042136?
True
Is 1097204460 a multiple of 44?
True
Is 16824117 a multipl